 -2*l + 168 = -4*o. Calculate the greatest common divisor of 984 and l.
24
Suppose 32*l - 7*l - 97600 = 0. Suppose 17*s = -15*s + l. What is the highest common divisor of s and 183?
61
Let j(r) = -3*r**3 - r**2 + 58*r + 240. Let v be j(-5). Calculate the highest common divisor of v and 1625.
25
Let u = -389 + 1187. Calculate the greatest common factor of u and 57.
57
Let o be (-5)/(-7 + -8)*-3 + 30. Calculate the highest common factor of o and 10063.
29
Suppose 4*j = -12, 0 = q - 3*q - j + 23. Suppose -18*u = g - q*u - 583, 4*g + u - 2351 = 0. Calculate the highest common divisor of g and 12.
12
Suppose -18*m = 4*d - 380, 2*d = m - 16 + 6. Suppose 4*q - 752 = -s, 5*s + 2*q - 2966 = s. What is the highest common factor of s and m?
20
Let b be 7 + 2/(2/15)*712/2136. What is the greatest common factor of b and 17700?
12
Let b be (18/2 - 1) + 3 + -2. Let o be (b/6)/(9/24). Let k(c) = c**3 - 3*c**2 - c - 4. Let j be k(o). What is the greatest common divisor of j and 56?
8
Let a = -236 + 239. Suppose -w = 3*h + a*w - 353, -2*h - w = -237. What is the greatest common divisor of 7 and h?
7
Suppose 0 = -4*h - 8, 5729 + 4901 = 3*b - 5*h. Calculate the highest common factor of b and 60.
60
Let x = 7 - 2. Suppose 3*h = 5*c, h - x*c + 11 - 1 = 0. Suppose 60 = h*k + b, 0*k = -5*k + 5*b + 90. What is the highest common divisor of 52 and k?
13
Let f(p) = p**3 - 29*p**2 + 158*p - 68. Let a be f(22). Suppose -o + 2*o = 2*i + 4, 16 = 4*o + 3*i. Calculate the highest common factor of o and a.
4
Let y be 230*7 + (-10 - (-15 + 3)). Calculate the greatest common factor of y and 364.
52
Suppose -25*g + 5030 = -14495. What is the highest common divisor of g and 99?
11
Let s = -28 + 12. Let m = s + 18. Suppose -m*d - 3*i = -18, -1 - 12 = d - 4*i. Calculate the highest common factor of d and 9.
3
Let p be (17/(-6))/(-1) + 8/48. Suppose -3*w - 4*u + 429 = 0, 5*u - 147 = -p*w + 282. Calculate the highest common divisor of w and 13.
13
Let v = -6968 + 7178. What is the highest common factor of 870 and v?
30
Let n = 9 - 11. Let a be (1118/(-39))/((-4)/3 - n). Let g = a + 101. Calculate the greatest common divisor of 29 and g.
29
Suppose -29*i = -7986 - 2077. Let j = i - -204. Calculate the greatest common divisor of 29 and j.
29
Let d be -1*(1/(-3))/((-8)/504). Let l be -36*(-12)/(-28)*d/3. Calculate the greatest common factor of 180 and l.
36
Let o(n) = 6*n + 84. Let g be o(-12). Let w = g + 308. What is the greatest common divisor of w and 5?
5
Suppose 0 = f + 2*f - 1350. Let b(i) = -i**3 - 35*i**2 - 18*i - 580. Let w be b(-35). Calculate the highest common divisor of w and f.
50
Let w be 25*(-12)/240*-1116. What is the highest common divisor of 45 and w?
45
Let h(k) = -10*k - 14 + 26 - 12 + 4*k**2. Let u be h(-7). Suppose 4*o + 4*l - 352 = 0, 3*o = l - 3*l + u. Calculate the highest common divisor of 36 and o.
18
Suppose 56*g + 89 - 15 = 746. Calculate the greatest common factor of 7404 and g.
12
Suppose -1575 - 1183 = -3*j - 2*i, 922 = j - 2*i. Calculate the greatest common factor of 280 and j.
40
Suppose -5*k + 9462 = 4*o + 482, 5*k = 4*o - 8940. Suppose -o = -26*f + 18*f. Calculate the greatest common factor of 8 and f.
8
Let k = 20 + -20. Suppose k = -11*o + 152 + 13. Calculate the highest common factor of o and 6.
3
Suppose 4*f = 2*w + 2, 3*w - f = 2*f + 6. Suppose 39 + 21 = w*d. Suppose 844 = -79*c + 4636. What is the highest common divisor of c and d?
12
Let k(v) = -v**3 - 3*v**2 + 2*v + 12. Let y = -188 + 185. Let c be k(y). Calculate the greatest common factor of c and 162.
6
Suppose -16*s + 77 + 3 = 0. Let g = 110 - 25. What is the highest common divisor of s and g?
5
Let u = 6282 + -6115. What is the greatest common divisor of u and 2839?
167
Let o(l) = 14 + 79 - 4*l - 26. Let g(k) = -k**2 - 8*k + 16. Let m be g(-8). Let w be o(m). Calculate the greatest common factor of w and 2.
1
Suppose -58*z + 54*z - 5*a + 135 = 0, 0 = -2*z - 4*a + 72. What is the highest common divisor of 54 and z?
6
Suppose -5*w = -36 - 24. Suppose -3*p = -3*a + 261, 0*p - 267 = 3*p + 3*a. Let s = 148 + p. What is the highest common divisor of w and s?
12
Suppose -23*b - 10512 = -7*b. Let k = 847 + b. What is the greatest common factor of k and 76?
38
Let h(j) = 2*j**2 - 2. Let a be h(-2). Let i be 76/a + 2/6. Let g = 3795 + -3704. Calculate the greatest common divisor of i and g.
13
Suppose -46*b = 62*b - 5*b - 29458. Calculate the highest common divisor of b and 6.
2
Let n(i) = i**3 - 15*i**2 + 4*i + 149. Let q be n(15). What is the highest common factor of q and 779?
19
Suppose -4*u = -2*l - 2*u + 108, 5*u = -20. Suppose -34*z + 1020 + 704 = 364. What is the greatest common factor of l and z?
10
Let u = 48 + -44. Let x(o) = -20 - 9*o - 13 - 18 + 42 - u*o**2 - 8*o**3. Let l be x(-3). Calculate the greatest common factor of 22 and l.
22
Let o(a) = -2*a**2 - 57*a - 301. Let b be o(-16). What is the highest common factor of 528 and b?
33
Suppose 0 = -35*f + 203 - 50 + 74 + 53. Suppose 5*a = 4*a + 124. What is the greatest common divisor of a and f?
4
Suppose t - 16 = 29*r - 26*r, 2*t = -r - 3. Let c be (-50)/(-6) + (-2)/(-3). Calculate the greatest common divisor of t and c.
1
Let m = 138 + -132. Let s be 0*m/(-12) + -149. Let c = -138 - s. Calculate the highest common factor of c and 176.
11
Let c = 22533 - 19633. Calculate the greatest common factor of 120 and c.
20
Let x = -16271 - -16570. Calculate the highest common factor of 15249 and x.
299
Suppose -13*t = 12*t - 15750. Let q = 635 - t. What is the highest common divisor of 3 and q?
1
Let b(h) = 291*h - 1082. Let v be b(4). Calculate the highest common factor of 8446 and v.
82
Suppose 3*v = 0, 0 = 2*z + 3*v - 2. Let j be (18 - 11)/(z + 0). Suppose -4*g + j = -145. What is the greatest common divisor of g and 95?
19
Let b be 2*(-1322)/4 + -1. Let u = b - -1067. Calculate the highest common divisor of 15 and u.
15
Suppose -2*b - 4*b = -b. Suppose b = -5*y - 7 + 37. Let h be (-834)/9*y/(-4) + -4. Calculate the greatest common divisor of h and 15.
15
Suppose -420 = 29*h - 31*h + 2*u, -835 = -4*h - u. What is the highest common factor of 264 and h?
11
Let m be (((-2430)/9)/6)/((-3)/2). Let v be 900/m*(-12)/(-5). Suppose -103 = -4*y - 7. What is the highest common factor of v and y?
24
Let w(z) = -z + 49. Let o be w(0). Let k = 51 - o. Suppose -5*h = -2*u - 530, 5 = u - k*u. What is the greatest common divisor of 156 and h?
52
Suppose 5*k - 971 = -0*d + 3*d, 6 = 2*d. Let f be 770/35 + 5 + 1. What is the greatest common divisor of f and k?
28
Suppose z - 47 = 97. Let u = -139 + z. Calculate the greatest common divisor of 65 and u.
5
Let j = 155 + -301. Let o = j - -278. What is the greatest common factor of 12 and o?
12
Suppose -5*w - 5*g = -1005, -5*w + 1007 = 4*g - 0*g. Suppose w + 57 = 5*d. What is the greatest common divisor of 4 and d?
4
Let c = 386 + -224. Suppose -21*t + c = -20*t. Calculate the highest common divisor of 6 and t.
6
Suppose -4*c = -10 - 22. Let u be -394 + -1 + c/2. Let i = -259 - u. What is the greatest common factor of i and 12?
12
Let q be ((-112)/21 - 0)*(-9)/6. Suppose -169 = -9*p - 25. What is the greatest common factor of p and q?
8
Suppose 108*t + 4*r + 288 = 109*t, 2*t = r + 534. What is the highest common factor of 1144 and t?
88
Let b be (-3)/6 + -3*258/(-36). What is the greatest common factor of b and 3276?
21
Let u = 4 - 4. Suppose -24 = -2*v - u*v. Let h = -3099 - -3195. Calculate the greatest common factor of h and v.
12
Suppose 2*i + 60 = 22*i. Suppose -4*h + w = 4*w - 628, -458 = -i*h + w. Calculate the highest common divisor of h and 44.
22
Suppose -5*z = n + 107, 2*n + 200 = 5*z - 8*z. Let i be (90/25)/(5 + n/20). Calculate the highest common divisor of i and 32.
8
Suppose 0 = -q - 3*d + 219, -5*q - 22*d = -17*d - 1085. Let r be q/10*(30/(-9))/(-1). Calculate the highest common factor of 8 and r.
8
Let t(i) = -i**3 - 31*i**2 - 30*i + 7. Let z be t(-30). Suppose -112 = -z*d + 35. Suppose 0 = -5*k - 71 + 281. Calculate the highest common factor of d and k.
21
Suppose 0 = -3*u + 3*s + 10688 - 767, -6635 = -2*u + 5*s. Calculate the highest common factor of u and 36.
12
Let i = -6211 + 6268. What is the greatest common divisor of i and 418?
19
Suppose -77 = -5*u + 158. Let t = -42 + u. Suppose a 